 = -69159 - -154732. Is y prime?
False
Suppose -4*r - 2*v + v + 30 = 0, -34 = -5*r - 3*v. Let m(w) be the third derivative of 7*w**5/10 + w**4/4 - 5*w**3/2 - 2*w**2 + 471*w. Is m(r) a prime number?
False
Suppose u + 6 = 0, -190212 = -4*c + 3*u + 372938. Is c a prime number?
False
Let g(n) be the first derivative of n**2/2 - 7*n + 18. Let k be g(3). Is (-6966)/k - 6/12 a prime number?
True
Let q = 2104299 - 1423810. Is q prime?
True
Let j(c) = 18*c - 163. Let a be j(9). Is ((514/1)/a)/((-24)/708) a prime number?
False
Let u be -2*(-3)/6 + 4. Let r(s) = 22*s**3 + 2*s**2 + 7*s + 10. Is r(u) a composite number?
True
Let f(v) = -2*v**3 - 34*v**2 - 6*v - 37. Let i be (-357)/(-7)*(-3)/9. Is f(i) composite?
True
Let z(c) = 4025*c + 31. Is z(2) composite?
False
Let o(w) = 474*w + 1258*w - 32*w - 9 + 716*w. Is o(5) a composite number?
False
Suppose 0 = 3*t - 2*t + 2*g + 476, -3*t = 2*g + 1416. Let y = t + 863. Suppose -5*n = -8*n + y. Is n prime?
True
Let d(u) = -u**3 - u**2 - 4*u + 3. Suppose -6*y + 2*y = -7*y. Let b be d(y). Suppose -1759 = -4*n + 3*o + 5424, 3*n - 5382 = -b*o. Is n prime?
False
Suppose 5*s + 2*i = -994, 0 = 4*s - s - 4*i + 586. Let x = 1046 + -529. Let a = x + s. Is a composite?
True
Let s(p) = -p**2 + 24*p + 9. Let z be s(12). Let b = z - -140. Is b prime?
True
Let j(s) = 41*s**2 + 412*s + 648. Is j(-91) prime?
False
Let t = -69 + 79. Suppose -17 = -9*n + t. Suppose -3*z = -5*h - 3614, -n*z = z + h - 4811. Is z prime?
False
Let k be ((-3728)/(-12))/((-12)/234). Let t = k + 12804. Is t a prime number?
False
Let w be 1/(-5) + (-33)/(-15). Suppose d = 2*m + 2577, d + 0*m - 2581 = -w*m. Is d prime?
True
Suppose -w - 2*b + 43814 = 0, -35*w - 5*b + 219090 = -30*w. Is w a prime number?
False
Let f(k) = -13 - 284*k**3 + 561*k**3 - 286*k**3 - 3*k**2 - 12*k. Is f(-7) a composite number?
False
Let o = -3331 - -6702. Is o composite?
False
Let z(s) = 5*s. Let c be z(1). Let m(q) = -12*q + 278. Let b be m(23). Suppose -c*h = x - 478, -3*h = -2*h + b*x - 101. Is h a composite number?
True
Let p be 1/(6/(17533 - -5)). Let h = p - 1486. Is h prime?
False
Let n be (-3)/(-9) - (-95)/3. Suppose 5*s - 5*w - 41 = 44, n = 2*s - 4*w. Suppose c = 2*y - 5*y + 35, s = 2*y - 2*c. Is y prime?
True
Let o = -89 - -96. Suppose -4*p = -3*y - 30, -2*p - 5*y + 9 = o. Suppose -5*b = 3*z - 621, -14*z + p = -11*z. Is b composite?
True
Suppose 790 = -3*s - 254. Let h = s - -727. Is h a composite number?
False
Let m = 53519 + -35510. Suppose -2*u - 3599 = -f, 5*f - m = 10*u - 7*u. Is f composite?
True
Suppose -2099 = -3*v + 2641. Let q be (82/(-3))/(122/(-4575)). Suppose v + q = 5*l. Is l a composite number?
False
Let i = -59547 + 136006. Is i a prime number?
False
Let f(d) = 447*d**2 - 1511*d - 37. Is f(15) prime?
False
Let z(l) = 32440*l - 1689. Is z(2) a composite number?
True
Suppose 12*y - 8*y = 132. Suppose -39*k + 3390 = -y*k. Is k composite?
True
Suppose 5*i = 18 + 2. Let c(m) = -4*m + 20. Let h be c(i). Suppose 0 = 3*u + u - 5*g - 1642, 0 = -h*g + 8. Is u prime?
False
Suppose -2*v + 4 = 0, 0 = -4*s - 6*v + 7*v + 18. Suppose 0 = -2*f + n + 563 + 53, 2*f + s*n = 628. Is f a prime number?
False
Let w(i) = 2*i - 29. Let t be w(5). Let d = -16 - t. Suppose d*j = 16 + 1421. Is j composite?
False
Let a = -494 - -1473. Let x = -693 + a. Suppose 4*v - 2*v = x. Is v prime?
False
Suppose -c + 824399 = k, -2*c - 2826696 - 470864 = -4*k. Is k composite?
False
Is (-9*(-11)/(-462)*-7)/(6/630356) a prime number?
False
Let m = 25352 + -16488. Suppose -m = -2*h - 6*h. Suppose 3*d + 87 - h = r, d - 5*r = 359. Is d prime?
False
Suppose 37*x + 5502 = l + 42*x, 5457 = l - 4*x. Let b = l - -1362. Is b prime?
False
Let d(n) = 99*n**2 - 50*n - 2163. Is d(47) a prime number?
False
Let w = -16233 - -75368. Is w composite?
True
Let c = 11831 + -7603. Suppose 2*o + 5*f = 2*f + c, -6361 = -3*o + 5*f. Is o composite?
True
Let f be (-6362098)/(-12) + (-22)/12 + 2. Suppose -37*d + f = 19834. Is d composite?
True
Suppose -5*c = 4*l - 30, 2*c = -4*l + 4*c + 16. Let b(v) = -83*v + 5. Let t be b(l). Is 5 + -1 - t - 3 a composite number?
True
Is (-8)/(-18) + 50732550/405 composite?
True
Suppose 0 = -4*r + c + 65, r - 4*c - 7 + 2 = 0. Let i(b) = 7*b**2 - 27*b - 23. Is i(r) composite?
True
Suppose -8 = 3*s - 4*p, 7*s - 5*s - 3*p + 6 = 0. Suppose -j - 2*z + 21870 = 0, 3*z = -3*j - s*j + 65607. Suppose -7*a + j = 6209. Is a a composite number?
False
Is (33250/(-40) - -17)*-92 a composite number?
True
Suppose 5*s = -2*r + 6807, 7*s = 3*s - 2*r + 5446. Is s composite?
False
Let c(t) = -242*t + 48. Let j be c(5). Let u = 4085 + j. Is u composite?
True
Is 19 + 899553 + (2 - 11) a composite number?
True
Let d(l) = -37*l**3 - 6*l**2 - 4*l - 15. Let g(y) = -38*y**3 - 7*y**2 - 5*y - 17. Let q(i) = -7*d(i) + 6*g(i). Let r be 3 - (-2 - (-6 - -3)). Is q(r) composite?
True
Suppose 6*y + 14464277 = 5*h, -11571409 = -4*h - 362*y + 365*y. Is h composite?
False
Let c = -28 - -7. Let o = c + -34. Is (0 + -2)/(2/o) prime?
False
Suppose 5*r - 18 = 5*j + 62, -2*r + j = -28. Suppose -17*f + r*f - 2*g = -18325, -4*f + 2*g = -14660. Is f composite?
True
Let m(i) = 325*i + 839. Is m(18) prime?
True
Let s(n) = 5032*n**2 - 6*n + 43. Is s(5) a prime number?
True
Let t be 4 + (-1 - (1 - -9)). Let j(r) = 5*r - 25. Let a be j(t). Is 28/(-7) - (-2 + a) a composite number?
True
Let m(v) = -262072*v + 169. Is m(-1) composite?
True
Let p(h) = h**3 + 13*h**2 + 11*h. Let q be p(-12). Suppose -q = 3*d - 78. Suppose -181 - d = -y. Is y prime?
False
Let a(n) = 187*n**2 + 5*n + 1. Let y be a(-4). Suppose 0 = -40*k - 8*k - 240. Is 1*y*k/(-15) prime?
True
Let o(z) = -32*z**3 - 23*z**2 - 42*z - 324. Is o(-23) a composite number?
True
Let b be ((-16)/(-24))/(12/27)*2. Suppose g = 3*y + 838, 0 = 4*g - b*y - 4167 + 806. Is g a composite number?
True
Suppose -5*u + 5*a - 11 - 24 = 0, 4*u - 7 = -3*a. Is (-1)/(u/17 - 80346/(-684964)) prime?
False
Is (500434 + -36)*(12/18)/((-8)/(-6)) composite?
False
Let g = 6639 - 3347. Suppose -4*l - 47*o + 49*o = -13146, -l - 5*o = -g. Is l composite?
True
Suppose -4*s + 34 = -2*z, 6*z + 13 = s + z. Suppose -16*o + 15*o = -3*c + 39413, 0 = -2*o + s. Is c a composite number?
True
Suppose -m = -5*u - 53671, u + 0*u - 5*m + 10739 = 0. Let q = 19406 + u. Suppose -q = -10*h + 9338. Is h a composite number?
False
Suppose m - 5*b = -2, -3*m + 4*b = -7 + 2. Suppose -4*n + m*u = -0*n + 25, 4*n = -u - 13. Let w(g) = -12*g**3 - 2*g**2 + 2*g - 10. Is w(n) composite?
True
Let s be (-30)/(-150) + (-2)/10. Suppose 4*c - 2*d - 11456 = s, 3*c - 2*d - 2*d = 8597. Is c composite?
True
Let v(w) = -39*w**2 - 3*w - 2. Let p be v(-1). Let f = p + -145. Let k = 20 - f. Is k a prime number?
False
Let a be 6/4*(-280)/(-30). Let o be 140745/(-66)*4/(-5). Suppose 12*p + o = a*p. Is p composite?
False
Is (7/(-7) + (0 - 2))/((-45)/5754765) a composite number?
False
Let z(k) = -79*k - 116. Let c = 342 + -373. Is z(c) prime?
True
Suppose -8*m + 6*m + h = -36106, -5*m - 3*h = -90265. Is m a composite number?
True
Suppose n + 2*z = 7732363 - 2528574, -3*n + 15611457 = -4*z. Is n composite?
True
Suppose 8*a + 172*a = 41952420. Is a composite?
False
Let v be (-6)/108*-6 - (-40280)/12. Suppose k + 5*n - v = 0, 9*n - 14*n - 20 = 0. Is k prime?
False
Let y be (-2)/3 + (8 - 35/15). Suppose -2*a + 1 = x + y, 0 = x - 2*a - 4. Suppose -s = 4*b - 6*s - 25501, x = -3*b - 3*s + 19146. Is b a composite number?
False
Let c(g) = -2*g**3 - 16*g**2 - 11*g - 10. Suppose 7*u = 9*u - 4. Let f be 43/(-5) - (16/(-10) + u). Is c(f) composite?
False
Let o be (-8)/4 + (1 - 1). Let g be (38/6)/(o/(-942)). Suppose -4*t - 3*c = -g, -2*t + 4*c - 7*c = -1493. Is t composite?
True
Let y = 77 - 123. Let c = 53 + y. Suppose 96 + 86 = c*h. Is h a prime number?
False
Let n be (1 - 22/(-4))*164010/105. Let d = n + -5684. Is d prime?
False
Suppose -18798*a + 18783*a + 951945 = 0. Is a a prime number?
True
Is 97/(-388) - (1/(4/(-288557)) + 0) prime?
True
Suppose -2*z - 540 = 2*z. Let i = z - -509. Suppose -5*s + 1870 = 5*n, -s + i = 4*n - 3. Is s composite?
False
Let p = -6357 - -66730. Is p prime?
True
Let m(j) = -1452*j - 36. Let z be m(-4). Let c = z - 3871. Is c a composite number?
False
Let j be (5 - (-35)/(-10))*8/3. Suppose t - 2*x - 2*x = 11922, -j*x = t - 11890. Is t a com